4*p + 259, 11*p = -s + 9*p + 85. Let d(r) = 1 - r**2 - r + 8*r**3 + 0 + 16*r**3. What is the remainder when s is divided by d(1)?
20
Suppose 2*l = -2*l - 2*v + 170, 5*l = -3*v + 215. Let b(u) = -2*u - 7. Let n be b(-5). What is the remainder when l is divided by 45/2 - n/2?
19
Let k be (2/3)/((-10)/(-225)). Let u = 55 - 35. Let r = k + u. Calculate the remainder when r is divided by 9.
8
Let w = 371 + -236. Calculate the remainder when w is divided by 34.
33
Let a = 8 + -6. Let j(k) = -2 + 15*k - 4 + 0 + k**2 - 7. What is the remainder when j(-16) is divided by a?
1
Suppose 4*z - 1 = 7, -z = 4*y - 318. Suppose 116 = 5*t - y. What is the remainder when 153 is divided by t?
36
Suppose -3*g + 4*c = -11, 0*g - g - 2*c = -7. Let d(p) = p**2 + 3*p - 13. Calculate the remainder when 52 is divided by d(g).
25
Let t be (-1 + 4)/(4 + 3/(-3)). Let g = 76 - t. What is the remainder when g is divided by 19?
18
Let z(w) = -6*w - 1. Let f = 8 + -5. Let x be z(f). Let i = x - -48. What is the remainder when i is divided by 16?
13
Let j be (-22)/(-44) - 1/(-2). Let y(t) = 19*t + 2. What is the remainder when y(j) is divided by 8?
5
Let h(s) = -2*s**3 + s**2 - 3*s - 2. Suppose -6391 = -27*i - 2557. Calculate the remainder when i is divided by h(-2).
22
Let p(v) = -v**3 + 7*v**2 + 33*v - 12. Calculate the remainder when 63 is divided by p(10).
9
Let t(c) = -18*c - 9. Let q be t(-3). Suppose 2*i + 0*i - 26 = -3*x, -q = -5*x - 3*i. What is the remainder when 47 is divided by x?
11
Let q = -1218 + 1268. Calculate the remainder when 843 is divided by q.
43
Let r = -205 + 225. Calculate the remainder when 25 is divided by r.
5
What is the remainder when 240 is divided by (11/(-3))/(76/(-228))?
9
Let k be (-15)/(-7) - 2/14. Suppose 0 = 3*i + 6, k*i - 110 = -5*v + 26. Calculate the remainder when 106 is divided by v.
22
Let m = -278 + 362. Calculate the remainder when m is divided by 46.
38
Let a = -481 - -505. Calculate the remainder when a is divided by 21.
3
Suppose 3*m + 2*c + 17 = 0, -m + 4*c = 2*c + 3. What is the remainder when (5 + 5)/m - (-43 - 1) is divided by 22?
20
Suppose -k + 47 = -0*k. Let q = -17 + k. Suppose 2*l + 33 = 5*l. Calculate the remainder when q is divided by l.
8
Let w(g) = -2*g**2 + 7*g + 3. Suppose -4*l - 3*x + 33 = -210, 0 = 2*l + 5*x - 111. Suppose l = -5*s + 248. Calculate the remainder when s is divided by w(1).
5
Suppose 3*g = 78 + 36. Suppose -2*v + 3 + 1 = 4*o, -2 = -o - v. Suppose 4*u - 35 - 17 = o. What is the remainder when g is divided by u?
12
Let w(f) = -18*f + 1. Let d = 28 + -35. Let b(v) = 2*v + 13. Let k be b(d). What is the remainder when w(k) is divided by 11?
8
Let o = 30 - -48. Calculate the remainder when 229 is divided by o.
73
Let x = 329 - 314. What is the remainder when x is divided by 13?
2
Let i = -1 + 12. What is the remainder when ((0 - 1) + 27)/(26/39) is divided by i?
6
Suppose 1 - 23 = -3*d - 5*x, -3*x + 6 = d. Calculate the remainder when 412 is divided by d.
7
Suppose 2*x = -0*x + 56. Let q = 70 - 74. Calculate the remainder when x is divided by (q*(-1)/(-3))/(4/(-30)).
8
What is the remainder when 413 is divided by (-1 + (7 - 4))/((-2)/(-53))?
42
Suppose -3*u - 226 = -10*n + 8*n, 0 = -3*n - u + 328. What is the remainder when 986 is divided by n?
106
Let r(u) = -11*u - 83. What is the remainder when 172 is divided by r(-9)?
12
Let c(z) = -3*z**3 + 9*z + 3. What is the remainder when c(-3) is divided by 21?
15
Suppose -5*g + 138 = 2*m, 5*g = g - 3*m + 116. Suppose -1 = -3*a + g. Calculate the remainder when a is divided by 4.
1
Suppose -89 = -4*r - 33. Suppose 4*l - a = 10, 2*l + 2*l = -4*a. Calculate the remainder when r is divided by l.
0
Suppose -77*w = -84*w + 98. What is the remainder when (114/15)/((-5)/(-25)) is divided by w?
10
Suppose 2*n - p - 13 = 0, 11 = -2*p + 13. Calculate the remainder when 44 is divided by n.
2
Let b be 7 - 2 - 4/4 - -32. Suppose 0 = -11*z - z + b. Calculate the remainder when z is divided by 3.
0
Suppose -4*n = o - 42, -2*n - 5*o + 1 = -11. Calculate the remainder when 98 is divided by n.
10
Let t(q) = -3*q + 36. Let w = 37 + -37. Let p = 18 - 5. Calculate the remainder when t(w) is divided by p.
10
Calculate the remainder when 544 is divided by 6/(-51) + 1331/187.
5
Suppose 0 = -i + u + 56, 3*u + 4 + 58 = i. Calculate the remainder when 198 is divided by i.
39
What is the remainder when (192/14)/(8/28) is divided by 36?
12
Suppose -7056 = -10*d - 8*d. Calculate the remainder when 402 is divided by d.
10
What is the remainder when 44 is divided by ((-2)/(-4))/(1 + 198/(-204))?
10
Let a = 21 + -5. Suppose -a = x - 31. Calculate the remainder when x is divided by 6.
3
Suppose -2*q - 7 = -63. Let x = 340 - 287. Calculate the remainder when x is divided by q.
25
Suppose -33 = 17*v - 492. What is the remainder when 39 is divided by v?
12
Suppose 0*l = -k + 2*l + 10, 5*k + 3*l = -2. Suppose 5*y - 6*h + k*h = 250, -64 = -y - 2*h. Calculate the remainder when y is divided by 14.
12
Calculate the remainder when (-158)/(-6)*((-180)/5)/(-6) is divided by 53.
52
Let r = -23 + 48. Calculate the remainder when 86 is divided by r.
11
Suppose 0 = -4*k + k - 336. Let b = k - -191. Calculate the remainder when b is divided by 20.
19
Suppose -3*h - 4*r = -129, 0*r + r = -4*h + 185. Suppose 0 = 3*i - 2*i + 2. What is the remainder when h is divided by ((-52)/(-4) - i) + -3?
11
Suppose 2*y = -5*k + 55, -4*y = k - 3*k + 22. Suppose k - 2 = 3*i. Calculate the remainder when 4 is divided by i.
1
Let p(h) = -h**3 - 32*h**2 - 31*h + 41. What is the remainder when 450 is divided by p(-31)?
40
Suppose i + 4 = -c, 2*i + 4 = i + c. Suppose t - 41 = 39. Calculate the remainder when t is divided by i + (27 - (5 + -3)).
17
Let a(c) = 20*c**3 + 5*c**3 + 1 + 3*c - 3*c - 2*c. Suppose -3*k + 29 = 4*u, 7 = 3*k + u - 16. What is the remainder when a(1) is divided by k?
3
Let n(d) = -21*d - 93. Let g(h) = -11*h - 47. Let l(q) = 5*g(q) - 2*n(q). What is the remainder when l(-13) is divided by 31?
27
Let k = -3 - -5. Let v(c) = -9*c**2 - 173*c - 15. What is the remainder when v(-19) is divided by (-7)/(-1)*k - 1?
10
Let d(x) = 2*x + 13. Suppose 3*m + 264 - 465 = 0. Calculate the remainder when m is divided by d(9).
5
Calculate the remainder when 12/(-28) - (-5)/(140/2448) is divided by 18.
15
Suppose 0 = 26*m - 36*m + 180. Calculate the remainder when 28 is divided by m.
10
Suppose -37 = -r + 163. Let q = r - 138. What is the remainder when q is divided by 21?
20
Suppose 39*n - 1380 = -53*n. Let z be 264/15 - (-4)/10. Let d = z + -10. Calculate the remainder when n is divided by d.
7
Suppose -3*j + 3*c = -3, c = -4*j - 3*c + 36. Suppose j*o + 3*a = 2*a + 136, o - 23 = 4*a. Let g(v) = v + 10. Calculate the remainder when o is divided by g(0).
7
Suppose 85 = q + 4*v, -5*q = 4*v + 248 - 657. What is the remainder when q is divided by 25?
6
Let k be 4/(-14) + 214/14 - -3. Suppose -56 = -u + k. Calculate the remainder when u is divided by 11.
8
Let b(f) = f**3 - 7*f**2 + 49*f - 14. What is the remainder when b(9) is divided by 16?
13
Let d = -95 - -133. Let u = d - -3. What is the remainder when u is divided by 11?
8
Let q = 335 - 287. Calculate the remainder when q is divided by 20.
8
Let i = 17 - 12. Let d(w) = -w + 3. Let r be d(5). What is the remainder when r + 78/8 + 2/8 is divided by i?
3
Let h = -89 - -218. Calculate the remainder when h is divided by 6/(-15) - 264/(-10).
25
Suppose 0 = 3*m - 6*m + 165. Let n = -140 + 154. What is the remainder when m is divided by n?
13
Suppose 3*p - 167 - 211 = 0. Suppose -5*x + p = 1. What is the remainder when x is divided by 15?
10
Suppose -33*f = -593 - 133. What is the remainder when 77 is divided by f?
11
Suppose 4*g + 120 = 4*t, 3*t = 5*g + 37 + 43. What is the remainder when t is divided by 6?
5
Let m(r) = 7*r**2 + 5*r - 5. Let f(l) = l**2 + 1. Let q(g) = -4*f(g) + m(g). Calculate the remainder when 37 is divided by q(-4).
18
Suppose x - 9 = -2*t, 5*t = x + 2*x + 17. What is the remainder when t + ((-146)/6)/((-2)/6) is divided by 16?
13
Let x = -145 + 167. Suppose -j + 0*j + 4 = 0. Let l(t) = t**2 - 3*t + 2. What is the remainder when x is divided by l(j)?
4
Let z(s) = -3*s**3 - s**2 - 2*s + 2. Suppose -3*t - 2*t + 10 = 0. Let o be z(t). Calculate the remainder 